{"id":52,"date":"2024-01-10T15:06:11","date_gmt":"2024-01-10T15:06:11","guid":{"rendered":"https:\/\/bogdan.rere4fun.net\/fsp\/\/?post_type=product&#038;p=52"},"modified":"2024-08-21T13:13:05","modified_gmt":"2024-08-21T13:13:05","slug":"oferta-august-4-nopti-de-cazare-1-noapte-gratuit","status":"publish","type":"product","link":"https:\/\/bogdan.rere4fun.net\/fsp\/product\/oferta-august-4-nopti-de-cazare-1-noapte-gratuit\/","title":{"rendered":"Oferta August: 4 nop\u021bi de cazare +1 noapte GRATUIT"},"content":{"rendered":"","protected":false},"excerpt":{"rendered":"<p>Evadeaz\u0103 \u00een Paradisul Verii la Forest Retreat &amp; Spa! Suntem \u00eenc\u00e2nta\u021bi s\u0103 v\u0103 oferim o experien\u021b\u0103 de neuitat \u00een aceast\u0103 var\u0103 cu o ofert\u0103 special\u0103: Achizi\u021bioneaz\u0103 4 nop\u021bi de cazare \u0219i petrece a 5-a noapte gratuit!<\/p>\n","protected":false},"featured_media":490,"template":"","meta":[],"product_brand":[],"product_cat":[16],"product_tag":[],"giftcard-category":[],"class_list":{"0":"post-52","1":"product","2":"type-product","3":"status-publish","4":"has-post-thumbnail","6":"product_cat-promotii","8":"first","9":"instock","10":"sale","11":"taxable","12":"shipping-taxable","13":"purchasable","14":"product-type-variable"},"_links":{"self":[{"href":"https:\/\/bogdan.rere4fun.net\/fsp\/wp-json\/wp\/v2\/product\/52","targetHints":{"allow":["GET"]}}],"collection":[{"href":"https:\/\/bogdan.rere4fun.net\/fsp\/wp-json\/wp\/v2\/product"}],"about":[{"href":"https:\/\/bogdan.rere4fun.net\/fsp\/wp-json\/wp\/v2\/types\/product"}],"wp:featuredmedia":[{"embeddable":true,"href":"https:\/\/bogdan.rere4fun.net\/fsp\/wp-json\/wp\/v2\/media\/490"}],"wp:attachment":[{"href":"https:\/\/bogdan.rere4fun.net\/fsp\/wp-json\/wp\/v2\/media?parent=52"}],"wp:term":[{"taxonomy":"product_brand","embeddable":true,"href":"https:\/\/bogdan.rere4fun.net\/fsp\/wp-json\/wp\/v2\/product_brand?post=52"},{"taxonomy":"product_cat","embeddable":true,"href":"https:\/\/bogdan.rere4fun.net\/fsp\/wp-json\/wp\/v2\/product_cat?post=52"},{"taxonomy":"product_tag","embeddable":true,"href":"https:\/\/bogdan.rere4fun.net\/fsp\/wp-json\/wp\/v2\/product_tag?post=52"},{"taxonomy":"giftcard-category","embeddable":true,"href":"https:\/\/bogdan.rere4fun.net\/fsp\/wp-json\/wp\/v2\/giftcard-category?post=52"}],"curies":[{"name":"wp","href":"https:\/\/api.w.org\/{rel}","templated":true}]}}